 by 316?
12
What is the remainder when 729 is divided by 664?
65
Calculate the remainder when 117 is divided by 40.
37
Calculate the remainder when 141 is divided by 101.
40
Calculate the remainder when 3643 is divided by 45.
43
What is the remainder when 118 is divided by 51?
16
What is the remainder when 1622 is divided by 123?
23
What is the remainder when 802 is divided by 226?
124
Calculate the remainder when 5237 is divided by 9.
8
What is the remainder when 287 is divided by 10?
7
Calculate the remainder when 4476 is divided by 80.
76
Calculate the remainder when 175 is divided by 60.
55
What is the remainder when 826 is divided by 64?
58
Calculate the remainder when 226 is divided by 47.
38
Calculate the remainder when 402 is divided by 84.
66
Calculate the remainder when 235 is divided by 228.
7
Calculate the remainder when 11589 is divided by 276.
273
What is the remainder when 203 is divided by 65?
8
What is the remainder when 84 is divided by 50?
34
Calculate the remainder when 10911 is divided by 17.
14
What is the remainder when 64 is divided by 35?
29
Calculate the remainder when 2376 is divided by 349.
282
Calculate the remainder when 309 is divided by 179.
130
What is the remainder when 285 is divided by 40?
5
Calculate the remainder when 72 is divided by 66.
6
Calculate the remainder when 198 is divided by 13.
3
Calculate the remainder when 552 is divided by 148.
108
What is the remainder when 13750 is divided by 24?
22
What is the remainder when 332 is divided by 34?
26
Calculate the remainder when 1908 is divided by 317.
6
What is the remainder when 456 is divided by 27?
24
What is the remainder when 959 is divided by 50?
9
Calculate the remainder when 474 is divided by 95.
94
What is the remainder when 69 is divided by 60?
9
Calculate the remainder when 432 is divided by 62.
60
Calculate the remainder when 365 is divided by 137.
91
What is the remainder when 2040 is divided by 28?
24
Calculate the remainder when 58 is divided by 42.
16
What is the remainder when 342 is divided by 125?
92
What is the remainder when 51 is divided by 11?
7
What is the remainder when 958 is divided by 24?
22
What is the remainder when 67 is divided by 21?
4
Calculate the remainder when 35 is divided by 12.
11
What is the remainder when 2524 is divided by 133?
130
Calculate the remainder when 11022 is divided by 106.
104
Calculate the remainder when 226 is divided by 50.
26
Calculate the remainder when 1083 is divided by 40.
3
Calculate the remainder when 10355 is divided by 1294.
3
What is the remainder when 25 is divided by 7?
4
Calculate the remainder when 2415 is divided by 31.
28
What is the remainder when 53547 is divided by 357?
354
What is the remainder when 1037 is divided by 41?
12
What is the remainder when 1573 is divided by 175?
173
What is the remainder when 18 is divided by 12?
6
What is the remainder when 514 is divided by 5?
4
What is the remainder when 2633 is divided by 2?
1
Calculate the remainder when 123 is divided by 69.
54
What is the remainder when 2058 is divided by 189?
168
What is the remainder when 755 is divided by 12?
11
What is the remainder when 109 is divided by 19?
14
Calculate the remainder when 711 is divided by 159.
75
Calculate the remainder when 217 is divided by 40.
17
Calculate the remainder when 1022 is divided by 271.
209
Calculate the remainder when 34 is divided by 6.
4
What is the remainder when 4464 is divided by 17?
10
What is the remainder when 110 is divided by 24?
14
Calculate the remainder when 15284 is divided by 182.
178
Calculate the remainder when 301 is divided by 14.
7
What is the remainder when 492 is divided by 21?
9
Calculate the remainder when 685 is divided by 16.
13
Calculate the remainder when 643 is divided by 3.
1
Calculate the remainder when 95 is divided by 89.
6
What is the remainder when 298 is divided by 20?
18
What is the remainder when 551 is divided by 24?
23
What is the remainder when 77 is divided by 6?
5
What is the remainder when 305 is divided by 10?
5
What is the remainder when 5260 is divided by 56?
52
What is the remainder when 372 is divided by 22?
20
What is the remainder when 6315 is divided by 54?
51
What is the remainder when 722 is divided by 116?
26
What is the remainder when 1549 is divided by 47?
45
Calculate the remainder when 369 is divided by 21.
12
Calculate the remainder when 4309 is divided by 38.
15
Calculate the remainder when 132 is divided by 72.
60
What is the remainder when 171 is divided by 146?
25
Calculate the remainder when 103 is divided by 11.
4
Calculate the remainder when 42 is divided by 4.
2
What is the remainder when 11693 is divided by 3897?
2
What is the remainder when 132 is divided by 63?
6
What is the remainder when 2693 is divided by 100?
93
What is the remainder when 322 is divided by 108?
106
What is the remainder when 3934 is divided by 6?
4
Calculate the remainder when 166 is divided by 26.
10
What is the remainder when 3421 is divided by 59?
58
What is the remainder when 15620 is divided by 73?
71
What is the remainder when 8899 is divided by 129?
127
What is the remainder when 84 is divided by 29?
26
Calculate the remainder when 330 is divided by 56.
50
Calculate the remainder when 366 is divided by 46.
44
What is the remainder when 8124 is divided by 5?
4
Calculate the remainder when 1275 is divided by 25.
0
What is the remainder when 3249 is divided by 50?
49
Calculate the remainder when 417 is divided by 10.
7
What is the remainder when 90 is divided by 56?
34
What is the remainder when 373 is divided by 57?
31
Calculate the remainder when 397 is divided by 104.
85
Calculate the remainder when 1570 is divided by 494.
88
What is the remainder when 78 is divided by 16?
14
What is the remainder when 68 is divided by 3?
2
What is the remainder when 425 is divided by 106?
1
What is the remainder when 18570 is divided by 49?
48
Calculate the remainder when 132 is divided by 18.
6
What is the remainder when 171 is divided by 29?
26
Calculate the remainder when 817 is divided by 20.
17
Calculate the remainder when 38218 is divided by 21.
19
Calculate the remainder when 762 is divided by 326.
110
Calculate the remainder when 334 is divided by 21.
19
Calculate the remainder when 11472 is divided by 77.
76
Calculate the remainder when 2376 is divided by 17.
13
Calculate the remainder when 729 is divided by 117.
27
Calculate the remainder when 159 is divided by 53.
0
What is the remainder when 121 is divided by 57?
7
Calculate the remainder when 17 is divided by 13.
4
Calculate the remainder when 312 is divided by 27.
15
What is the remainder when 138 is divided by 7?
5
What is the remainder when 428 is divided by 88?
76
What is the remainder when 307 is divided by 34?
1
Calculate the remainder when 561 is divided by 282.
279
Calculate the remainder when 143 is divided by 60.
23
Calculate the remainder when 709 is divided by 18.
7
Calculate the remainder when 366 is divided by 41.
38
What is the remainder when 273 is divided by 135?
3
Calculate the remainder when 71 is divided by 9.
8
Calculate the remainder when 10543 is divided by 199.
195
Calculate the remainder when 278 is divided by 20.
18
What is the remainder when 1369 is divided by 57?
1
What is the remainder when 152 is divided by 74?
4
What is the remainder when 971 is divided by 28?
19
Calculate the remainder when 83 is divided by 17.
15
Calculate the remainder when 100 is divided by 36.
28
Calculate the remainder when 242 is divided by 31.
25
Calculate the remainder when 124 is divided by 32.
28
What is the remainder when 39 is divided by 4?
3
What is the remainder when 372 is divided by 91?
8
Calculate the remainder when 17607 is divided by 15.
12
What is the remainder when 15245 is divided by 10?
5
Calculate the remainder when 3111 is divided by 141.
9
What is the remainder when 1169 is divided by 78?
77
What is the remainder when 1186 is divided by 12?
10
Calculate the remainder when 229 is divided by 21.
19
Calculate the remainder when 269 is divided by 67.
1
Calculate the remainder when 1428 is divided by 51.
0
What is the remainder when 313 is divided by 84?
61
What is the remainder when 356 is divided by 175?
6
What is the remainder when 271 is divided b